{"id":904,"date":"2021-07-14T22:47:28","date_gmt":"2021-07-14T22:47:28","guid":{"rendered":"https:\/\/www.guroo.com.br\/?page_id=904"},"modified":"2025-09-10T18:03:55","modified_gmt":"2025-09-10T18:03:55","slug":"educacao-infantil","status":"publish","type":"page","link":"https:\/\/www.guroo.com.br\/?page_id=904","title":{"rendered":"EDUCA\u00c7\u00c3O INFANTIL"},"content":{"rendered":"<p>[vc_row][vc_column][vc_column_text]Projeto pedag\u00f3gico, estrutura f\u00edsica, equipes profissionais s\u00e3o voltados \u00e0s necessidades espec\u00edficas de cada fase.<\/p>\n<p>&nbsp;<\/p>\n<p><b>PORTAL COC<\/b><\/p>\n<p>Site de acesso exclusivo para alunos, personalizado de acordo com a s\u00e9rie; inclui objetos de aprendizagem, materiais digitais e conte\u00fados diversos.<\/p>\n<p>&nbsp;<\/p>\n<p><b>LIVRO ELETR\u00d4NICO<\/b><\/p>\n<p>Tenha suas apostilas digitais sempre \u00e0 m\u00e3o para consultas. www.coc.com.br<\/p>\n<p>&nbsp;<\/p>\n<p><b>MATERIAL DID\u00c1TICO\u00a0<\/b><\/p>\n<p>Sistema de Ensino COC<\/p>\n<p>Cole\u00e7\u00e3o de apostilas em remessas bimestrais (a partir do Infantil 3), agenda personalizada COC para anota\u00e7\u00f5es escolares.<\/p>\n<p>&nbsp;<\/p>\n<p><b>AMIGOS DO COC<\/b><\/p>\n<p>Ambiente de aprendizagem virtual por meio de jogos, exclusiva para Educa\u00e7\u00e3o Infantil.<\/p>\n<p>&nbsp;<\/p>\n<p><b>GUROO ENGLISH SCHOOL<\/b><\/p>\n<p>Aprendizado da l\u00edngua inglesa por imers\u00e3o, de forma natural e consistente, em um ambiente l\u00fadico e envolvente, que forma jovens cidad\u00e3os globais que transformar\u00e3o o mundo &#8211; do Infantil 3 ao Ensino Fundamental.<\/p>\n<p>&nbsp;<\/p>\n<p><b>GUROO ON-LINE<\/b><\/p>\n<p>Acesso aos registros educacionais, como agenda on-line, avalia\u00e7\u00e3o descritiva, ocorr\u00eancias e financeiro.<\/p>\n<p>&nbsp;<\/p>\n<p><b>GOOGLE APPS FOR EDUCATION<\/b><\/p>\n<p>Escola piloto na implementa\u00e7\u00e3o dos aplicativos Google para Educa\u00e7\u00e3o. Projeto que permite criar, colaborar e compartilhar documentos de maneira interativa e inovadora.[\/vc_column_text][\/vc_column][\/vc_row]<\/p>\n","protected":false},"excerpt":{"rendered":"<p>[vc_row][vc_column][vc_column_text]Projeto pedag\u00f3gico, estrutura f\u00edsica, equipes profissionais s\u00e3o voltados \u00e0s necessidades espec\u00edficas de cada fase. &nbsp; PORTAL COC Site de acesso exclusivo para alunos, personalizado de acordo com a s\u00e9rie; inclui objetos de aprendizagem, materiais digitais e conte\u00fados diversos. &nbsp; LIVRO ELETR\u00d4NICO Tenha suas apostilas digitais sempre \u00e0 m\u00e3o para consultas. www.coc.com.br &nbsp; MATERIAL DID\u00c1TICO\u00a0 Sistema [&hellip;]<\/p>\n","protected":false},"author":1,"featured_media":0,"parent":0,"menu_order":0,"comment_status":"closed","ping_status":"closed","template":"","meta":{"footnotes":""},"class_list":["post-904","page","type-page","status-publish","hentry"],"yoast_head":"<!-- This site is optimized with the Yoast SEO plugin v25.6 - https:\/\/yoast.com\/wordpress\/plugins\/seo\/ -->\n<title>EDUCA\u00c7\u00c3O INFANTIL - Centro de Ensino Guroo<\/title>\n<meta name=\"robots\" content=\"index, follow, max-snippet:-1, max-image-preview:large, max-video-preview:-1\" \/>\n<link rel=\"canonical\" href=\"https:\/\/www.guroo.com.br\/?page_id=904\" \/>\n<meta property=\"og:locale\" content=\"pt_BR\" \/>\n<meta property=\"og:type\" content=\"article\" \/>\n<meta property=\"og:title\" content=\"EDUCA\u00c7\u00c3O INFANTIL - Centro de Ensino Guroo\" \/>\n<meta property=\"og:description\" content=\"[vc_row][vc_column][vc_column_text]Projeto pedag\u00f3gico, estrutura f\u00edsica, equipes profissionais s\u00e3o voltados \u00e0s necessidades espec\u00edficas de cada fase. &nbsp; PORTAL COC Site de acesso exclusivo para alunos, personalizado de acordo com a s\u00e9rie; inclui objetos de aprendizagem, materiais digitais e conte\u00fados diversos. &nbsp; LIVRO ELETR\u00d4NICO Tenha suas apostilas digitais sempre \u00e0 m\u00e3o para consultas. www.coc.com.br &nbsp; MATERIAL DID\u00c1TICO\u00a0 Sistema [&hellip;]\" \/>\n<meta property=\"og:url\" content=\"https:\/\/www.guroo.com.br\/?page_id=904\" \/>\n<meta property=\"og:site_name\" content=\"Centro de Ensino Guroo\" \/>\n<meta property=\"article:modified_time\" content=\"2025-09-10T18:03:55+00:00\" \/>\n<meta name=\"twitter:card\" content=\"summary_large_image\" \/>\n<meta name=\"twitter:label1\" content=\"Est. tempo de leitura\" \/>\n\t<meta name=\"twitter:data1\" content=\"1 minuto\" \/>\n<script type=\"application\/ld+json\" class=\"yoast-schema-graph\">{\"@context\":\"https:\/\/schema.org\",\"@graph\":[{\"@type\":\"WebPage\",\"@id\":\"https:\/\/www.guroo.com.br\/?page_id=904\",\"url\":\"https:\/\/www.guroo.com.br\/?page_id=904\",\"name\":\"EDUCA\u00c7\u00c3O INFANTIL - Centro de Ensino Guroo\",\"isPartOf\":{\"@id\":\"https:\/\/www.guroo.com.br\/#website\"},\"datePublished\":\"2021-07-14T22:47:28+00:00\",\"dateModified\":\"2025-09-10T18:03:55+00:00\",\"breadcrumb\":{\"@id\":\"https:\/\/www.guroo.com.br\/?page_id=904#breadcrumb\"},\"inLanguage\":\"pt-BR\",\"potentialAction\":[{\"@type\":\"ReadAction\",\"target\":[\"https:\/\/www.guroo.com.br\/?page_id=904\"]}]},{\"@type\":\"BreadcrumbList\",\"@id\":\"https:\/\/www.guroo.com.br\/?page_id=904#breadcrumb\",\"itemListElement\":[{\"@type\":\"ListItem\",\"position\":1,\"name\":\"In\u00edcio\",\"item\":\"https:\/\/www.guroo.com.br\/\"},{\"@type\":\"ListItem\",\"position\":2,\"name\":\"EDUCA\u00c7\u00c3O INFANTIL\"}]},{\"@type\":\"WebSite\",\"@id\":\"https:\/\/www.guroo.com.br\/#website\",\"url\":\"https:\/\/www.guroo.com.br\/\",\"name\":\"Centro de Ensino Guroo\",\"description\":\"\",\"potentialAction\":[{\"@type\":\"SearchAction\",\"target\":{\"@type\":\"EntryPoint\",\"urlTemplate\":\"https:\/\/www.guroo.com.br\/?s={search_term_string}\"},\"query-input\":{\"@type\":\"PropertyValueSpecification\",\"valueRequired\":true,\"valueName\":\"search_term_string\"}}],\"inLanguage\":\"pt-BR\"}]}<\/script>\n<!-- \/ Yoast SEO plugin. -->","yoast_head_json":{"title":"EDUCA\u00c7\u00c3O INFANTIL - Centro de Ensino Guroo","robots":{"index":"index","follow":"follow","max-snippet":"max-snippet:-1","max-image-preview":"max-image-preview:large","max-video-preview":"max-video-preview:-1"},"canonical":"https:\/\/www.guroo.com.br\/?page_id=904","og_locale":"pt_BR","og_type":"article","og_title":"EDUCA\u00c7\u00c3O INFANTIL - Centro de Ensino Guroo","og_description":"[vc_row][vc_column][vc_column_text]Projeto pedag\u00f3gico, estrutura f\u00edsica, equipes profissionais s\u00e3o voltados \u00e0s necessidades espec\u00edficas de cada fase. &nbsp; PORTAL COC Site de acesso exclusivo para alunos, personalizado de acordo com a s\u00e9rie; inclui objetos de aprendizagem, materiais digitais e conte\u00fados diversos. &nbsp; LIVRO ELETR\u00d4NICO Tenha suas apostilas digitais sempre \u00e0 m\u00e3o para consultas. www.coc.com.br &nbsp; MATERIAL DID\u00c1TICO\u00a0 Sistema [&hellip;]","og_url":"https:\/\/www.guroo.com.br\/?page_id=904","og_site_name":"Centro de Ensino Guroo","article_modified_time":"2025-09-10T18:03:55+00:00","twitter_card":"summary_large_image","twitter_misc":{"Est. tempo de leitura":"1 minuto"},"schema":{"@context":"https:\/\/schema.org","@graph":[{"@type":"WebPage","@id":"https:\/\/www.guroo.com.br\/?page_id=904","url":"https:\/\/www.guroo.com.br\/?page_id=904","name":"EDUCA\u00c7\u00c3O INFANTIL - Centro de Ensino Guroo","isPartOf":{"@id":"https:\/\/www.guroo.com.br\/#website"},"datePublished":"2021-07-14T22:47:28+00:00","dateModified":"2025-09-10T18:03:55+00:00","breadcrumb":{"@id":"https:\/\/www.guroo.com.br\/?page_id=904#breadcrumb"},"inLanguage":"pt-BR","potentialAction":[{"@type":"ReadAction","target":["https:\/\/www.guroo.com.br\/?page_id=904"]}]},{"@type":"BreadcrumbList","@id":"https:\/\/www.guroo.com.br\/?page_id=904#breadcrumb","itemListElement":[{"@type":"ListItem","position":1,"name":"In\u00edcio","item":"https:\/\/www.guroo.com.br\/"},{"@type":"ListItem","position":2,"name":"EDUCA\u00c7\u00c3O INFANTIL"}]},{"@type":"WebSite","@id":"https:\/\/www.guroo.com.br\/#website","url":"https:\/\/www.guroo.com.br\/","name":"Centro de Ensino Guroo","description":"","potentialAction":[{"@type":"SearchAction","target":{"@type":"EntryPoint","urlTemplate":"https:\/\/www.guroo.com.br\/?s={search_term_string}"},"query-input":{"@type":"PropertyValueSpecification","valueRequired":true,"valueName":"search_term_string"}}],"inLanguage":"pt-BR"}]}},"_links":{"self":[{"href":"https:\/\/www.guroo.com.br\/index.php?rest_route=\/wp\/v2\/pages\/904","targetHints":{"allow":["GET"]}}],"collection":[{"href":"https:\/\/www.guroo.com.br\/index.php?rest_route=\/wp\/v2\/pages"}],"about":[{"href":"https:\/\/www.guroo.com.br\/index.php?rest_route=\/wp\/v2\/types\/page"}],"author":[{"embeddable":true,"href":"https:\/\/www.guroo.com.br\/index.php?rest_route=\/wp\/v2\/users\/1"}],"replies":[{"embeddable":true,"href":"https:\/\/www.guroo.com.br\/index.php?rest_route=%2Fwp%2Fv2%2Fcomments&post=904"}],"version-history":[{"count":6,"href":"https:\/\/www.guroo.com.br\/index.php?rest_route=\/wp\/v2\/pages\/904\/revisions"}],"predecessor-version":[{"id":1553,"href":"https:\/\/www.guroo.com.br\/index.php?rest_route=\/wp\/v2\/pages\/904\/revisions\/1553"}],"wp:attachment":[{"href":"https:\/\/www.guroo.com.br\/index.php?rest_route=%2Fwp%2Fv2%2Fmedia&parent=904"}],"curies":[{"name":"wp","href":"https:\/\/api.w.org\/{rel}","templated":true}]}}