{"id":668,"date":"2021-06-22T22:30:35","date_gmt":"2021-06-22T22:30:35","guid":{"rendered":"https:\/\/www.guroo.com.br\/?page_id=668"},"modified":"2025-09-10T18:03:33","modified_gmt":"2025-09-10T18:03:33","slug":"ensino-fundamental-anos-finais","status":"publish","type":"page","link":"https:\/\/www.guroo.com.br\/?page_id=668","title":{"rendered":"GUROO E SISTEMA DE ENSINO COC"},"content":{"rendered":"<p>[vc_row][vc_column][vc_column_text]A parceria de sucesso com o COC, um dos maiores sistemas de ensino do Brasil, iniciou no ano letivo de 2011 quando o col\u00e9gio apostou na qualidade do material did\u00e1tico e solu\u00e7\u00f5es pedag\u00f3gicas inovadoras oferecidas que, na \u00e9poca, abriram alas para uma verdadeira revolu\u00e7\u00e3o no mercado de educa\u00e7\u00e3o em Santa Catarina. A dedica\u00e7\u00e3o total \u00e0 parceria fez com que a unidade do COC no C\u00f3rrego Grande se tornasse refer\u00eancia de escola e ensino no estado. Com altos investimentos na capacita\u00e7\u00e3o de professores, tecnologia e estrutura, o trabalho desta unidade impulsionou o crescimento da marca COC em Santa Catarina, hoje reconhecida, valorizada por seus diferenciais e adotada como Sistema de Ensino por outras tantas escolas no estado.<\/p>\n<p>&nbsp;<\/p>\n<p>Em 2013, felizes com a parceria com o COC e percebendo o crescente reconhecimento do trabalho diferenciado realizado, percebeu-se a necessidade de lan\u00e7ar uma identidade pr\u00f3pria, assim, em comemora\u00e7\u00e3o aos 25 anos de hist\u00f3ria desta escola no bairro C\u00f3rrego Grande, nasceu a marca: Centro de Ensino GUROO. Hoje o Guroo conquista cada vez mais visibilidade pelo trabalho diferenciado que realiza junto \u00e0 fam\u00edlias e equipe profissional. \u00c9 a escola refer\u00eancia do COC em Santa Catarina, sendo uma das 23 escolas Geniais do Brasil (par\u00e2metro de parceria COC \u2013 Inteligente, Brilhante, Genial e Licenciada) e membro do Comit\u00ea Estrat\u00e9gico COC. Al\u00e9m disso, tamb\u00e9m se destaca pelos pr\u00eamios conquistados: PIC COC 2012 (Projeto Cowparade), MPE Brasil \u2013 Excel\u00eancia em Gest\u00e3o (2014) e Mulheres que Fazem a Diferen\u00e7a (2012), PIC COC 2015 (Projeto Chefs Guroo), Escola Ouro COC 2016 (Premium e Expert no PEX \u2013 Programa de Excel\u00eancia).<\/p>\n<p>&nbsp;<\/p>\n<p>A Plataforma de Educa\u00e7\u00e3o COC foi fundada em 1963, com uma proposta voltada aos estudantes que se preparavam para o vestibular. Em 1973 a metodologia foi aplicada para as tr\u00eas s\u00e9ries do Ensino M\u00e9dio, e em 1975 a \u00faltima s\u00e9rie foi reformulada para revisar conte\u00fados visando o vestibular, este projeto foi registrado e patenteado como Terceir\u00e3o\u00ae. Em 1978 o COC foi engrandecido atrav\u00e9s de diversos projetos que revolucionaram o material did\u00e1tico e criaram o Ensino Fundamental e a Educa\u00e7\u00e3o Infantil. A partir da\u00ed, a cada ano, o COC revolucionava a educa\u00e7\u00e3o do pa\u00eds atrav\u00e9s de projetos modernos. Visando as novas gera\u00e7\u00f5es, foi o pioneiro na aplica\u00e7\u00e3o da tecnologia em sala de aula, trazendo para as escolas parceiras o computador e a internet como fortes ferramentas para a educa\u00e7\u00e3o, atrav\u00e9s do COC em sua CASA\u00ae, disponibilizou a todos os seus alunos, nas mais de 800 escolas COC pelo pa\u00eds, os livros eletr\u00f4nicos, revis\u00f5es on-line, a Tele Sala\u00ae, e em sala de aula, aplicou conte\u00fados \u00e0 plataformas com Lousas Digitais, Salas 3D, entre outros recursos que diferenciam o Sistema de Ensino de todos os outros do Brasil.<\/p>\n<p>&nbsp;<\/p>\n<p>O Portal COC EDUCA\u00c7\u00c3O re\u00fane num s\u00f3 lugar tecnologia e conte\u00fados que privilegiam a interatividade entre escola, aluno e fam\u00edlia. Os usu\u00e1rios contam ainda com mais de 40 mil p\u00e1ginas de conte\u00fado, distribu\u00eddas em diversas \u00e1reas do conhecimento, com a qualidade reconhecida de um dos maiores produtores de conte\u00fado pedag\u00f3gico do pa\u00eds, o Clic Educa\u00e7\u00e3o.<\/p>\n<p>&nbsp;<\/p>\n<p>A tecnologia das Lousas Digitais Multi Touch DIGICOC possibilita in\u00fameras formas de apresenta\u00e7\u00e3o do conte\u00fado em sala de aula. Com essa tecnologia, \u00e9 poss\u00edvel disponibilizar na internet todo o trabalho desenvolvido na DIGICOC durante a aula. Dispomos destas lousas em todas as salas de aula, do 1\u00b0 Ano do Ensino Fundamental at\u00e9 o Terceir\u00e3o \u2013 Ensino M\u00e9dio.<\/p>\n<p>&nbsp;<\/p>\n<p>As Aulas em 3D trazem a mesma tecnologia dispon\u00edvel nos cinemas e em grandes parques tem\u00e1ticos ao redor do mundo para o ambiente escolar. S\u00e3o diversos temas dispon\u00edveis, sempre relacionados aos conte\u00fados estudados.[\/vc_column_text][\/vc_column][\/vc_row]<\/p>\n","protected":false},"excerpt":{"rendered":"<p>[vc_row][vc_column][vc_column_text]A parceria de sucesso com o COC, um dos maiores sistemas de ensino do Brasil, iniciou no ano letivo de 2011 quando o col\u00e9gio apostou na qualidade do material did\u00e1tico e solu\u00e7\u00f5es pedag\u00f3gicas inovadoras oferecidas que, na \u00e9poca, abriram alas para uma verdadeira revolu\u00e7\u00e3o no mercado de educa\u00e7\u00e3o em Santa Catarina. A dedica\u00e7\u00e3o total \u00e0 [&hellip;]<\/p>\n","protected":false},"author":1,"featured_media":0,"parent":0,"menu_order":0,"comment_status":"closed","ping_status":"closed","template":"","meta":{"footnotes":""},"class_list":["post-668","page","type-page","status-publish","hentry"],"yoast_head":"<!-- This site is optimized with the Yoast SEO plugin v25.6 - https:\/\/yoast.com\/wordpress\/plugins\/seo\/ -->\n<title>GUROO E SISTEMA DE ENSINO COC - Centro de Ensino Guroo<\/title>\n<meta name=\"robots\" content=\"index, follow, max-snippet:-1, max-image-preview:large, max-video-preview:-1\" \/>\n<link rel=\"canonical\" href=\"https:\/\/www.guroo.com.br\/?page_id=668\" \/>\n<meta property=\"og:locale\" content=\"pt_BR\" \/>\n<meta property=\"og:type\" content=\"article\" \/>\n<meta property=\"og:title\" content=\"GUROO E SISTEMA DE ENSINO COC - Centro de Ensino Guroo\" \/>\n<meta property=\"og:description\" content=\"[vc_row][vc_column][vc_column_text]A parceria de sucesso com o COC, um dos maiores sistemas de ensino do Brasil, iniciou no ano letivo de 2011 quando o col\u00e9gio apostou na qualidade do material did\u00e1tico e solu\u00e7\u00f5es pedag\u00f3gicas inovadoras oferecidas que, na \u00e9poca, abriram alas para uma verdadeira revolu\u00e7\u00e3o no mercado de educa\u00e7\u00e3o em Santa Catarina. A dedica\u00e7\u00e3o total \u00e0 [&hellip;]\" \/>\n<meta property=\"og:url\" content=\"https:\/\/www.guroo.com.br\/?page_id=668\" \/>\n<meta property=\"og:site_name\" content=\"Centro de Ensino Guroo\" \/>\n<meta property=\"article:modified_time\" content=\"2025-09-10T18:03:33+00:00\" \/>\n<meta name=\"twitter:card\" content=\"summary_large_image\" \/>\n<meta name=\"twitter:label1\" content=\"Est. tempo de leitura\" \/>\n\t<meta name=\"twitter:data1\" content=\"4 minutos\" \/>\n<script type=\"application\/ld+json\" class=\"yoast-schema-graph\">{\"@context\":\"https:\/\/schema.org\",\"@graph\":[{\"@type\":\"WebPage\",\"@id\":\"https:\/\/www.guroo.com.br\/?page_id=668\",\"url\":\"https:\/\/www.guroo.com.br\/?page_id=668\",\"name\":\"GUROO E SISTEMA DE ENSINO COC - Centro de Ensino Guroo\",\"isPartOf\":{\"@id\":\"https:\/\/www.guroo.com.br\/#website\"},\"datePublished\":\"2021-06-22T22:30:35+00:00\",\"dateModified\":\"2025-09-10T18:03:33+00:00\",\"breadcrumb\":{\"@id\":\"https:\/\/www.guroo.com.br\/?page_id=668#breadcrumb\"},\"inLanguage\":\"pt-BR\",\"potentialAction\":[{\"@type\":\"ReadAction\",\"target\":[\"https:\/\/www.guroo.com.br\/?page_id=668\"]}]},{\"@type\":\"BreadcrumbList\",\"@id\":\"https:\/\/www.guroo.com.br\/?page_id=668#breadcrumb\",\"itemListElement\":[{\"@type\":\"ListItem\",\"position\":1,\"name\":\"In\u00edcio\",\"item\":\"https:\/\/www.guroo.com.br\/\"},{\"@type\":\"ListItem\",\"position\":2,\"name\":\"GUROO E SISTEMA DE ENSINO COC\"}]},{\"@type\":\"WebSite\",\"@id\":\"https:\/\/www.guroo.com.br\/#website\",\"url\":\"https:\/\/www.guroo.com.br\/\",\"name\":\"Centro de Ensino Guroo\",\"description\":\"\",\"potentialAction\":[{\"@type\":\"SearchAction\",\"target\":{\"@type\":\"EntryPoint\",\"urlTemplate\":\"https:\/\/www.guroo.com.br\/?s={search_term_string}\"},\"query-input\":{\"@type\":\"PropertyValueSpecification\",\"valueRequired\":true,\"valueName\":\"search_term_string\"}}],\"inLanguage\":\"pt-BR\"}]}<\/script>\n<!-- \/ Yoast SEO plugin. -->","yoast_head_json":{"title":"GUROO E SISTEMA DE ENSINO COC - Centro de Ensino Guroo","robots":{"index":"index","follow":"follow","max-snippet":"max-snippet:-1","max-image-preview":"max-image-preview:large","max-video-preview":"max-video-preview:-1"},"canonical":"https:\/\/www.guroo.com.br\/?page_id=668","og_locale":"pt_BR","og_type":"article","og_title":"GUROO E SISTEMA DE ENSINO COC - Centro de Ensino Guroo","og_description":"[vc_row][vc_column][vc_column_text]A parceria de sucesso com o COC, um dos maiores sistemas de ensino do Brasil, iniciou no ano letivo de 2011 quando o col\u00e9gio apostou na qualidade do material did\u00e1tico e solu\u00e7\u00f5es pedag\u00f3gicas inovadoras oferecidas que, na \u00e9poca, abriram alas para uma verdadeira revolu\u00e7\u00e3o no mercado de educa\u00e7\u00e3o em Santa Catarina. A dedica\u00e7\u00e3o total \u00e0 [&hellip;]","og_url":"https:\/\/www.guroo.com.br\/?page_id=668","og_site_name":"Centro de Ensino Guroo","article_modified_time":"2025-09-10T18:03:33+00:00","twitter_card":"summary_large_image","twitter_misc":{"Est. tempo de leitura":"4 minutos"},"schema":{"@context":"https:\/\/schema.org","@graph":[{"@type":"WebPage","@id":"https:\/\/www.guroo.com.br\/?page_id=668","url":"https:\/\/www.guroo.com.br\/?page_id=668","name":"GUROO E SISTEMA DE ENSINO COC - Centro de Ensino Guroo","isPartOf":{"@id":"https:\/\/www.guroo.com.br\/#website"},"datePublished":"2021-06-22T22:30:35+00:00","dateModified":"2025-09-10T18:03:33+00:00","breadcrumb":{"@id":"https:\/\/www.guroo.com.br\/?page_id=668#breadcrumb"},"inLanguage":"pt-BR","potentialAction":[{"@type":"ReadAction","target":["https:\/\/www.guroo.com.br\/?page_id=668"]}]},{"@type":"BreadcrumbList","@id":"https:\/\/www.guroo.com.br\/?page_id=668#breadcrumb","itemListElement":[{"@type":"ListItem","position":1,"name":"In\u00edcio","item":"https:\/\/www.guroo.com.br\/"},{"@type":"ListItem","position":2,"name":"GUROO E SISTEMA DE ENSINO COC"}]},{"@type":"WebSite","@id":"https:\/\/www.guroo.com.br\/#website","url":"https:\/\/www.guroo.com.br\/","name":"Centro de Ensino Guroo","description":"","potentialAction":[{"@type":"SearchAction","target":{"@type":"EntryPoint","urlTemplate":"https:\/\/www.guroo.com.br\/?s={search_term_string}"},"query-input":{"@type":"PropertyValueSpecification","valueRequired":true,"valueName":"search_term_string"}}],"inLanguage":"pt-BR"}]}},"_links":{"self":[{"href":"https:\/\/www.guroo.com.br\/index.php?rest_route=\/wp\/v2\/pages\/668","targetHints":{"allow":["GET"]}}],"collection":[{"href":"https:\/\/www.guroo.com.br\/index.php?rest_route=\/wp\/v2\/pages"}],"about":[{"href":"https:\/\/www.guroo.com.br\/index.php?rest_route=\/wp\/v2\/types\/page"}],"author":[{"embeddable":true,"href":"https:\/\/www.guroo.com.br\/index.php?rest_route=\/wp\/v2\/users\/1"}],"replies":[{"embeddable":true,"href":"https:\/\/www.guroo.com.br\/index.php?rest_route=%2Fwp%2Fv2%2Fcomments&post=668"}],"version-history":[{"count":7,"href":"https:\/\/www.guroo.com.br\/index.php?rest_route=\/wp\/v2\/pages\/668\/revisions"}],"predecessor-version":[{"id":1552,"href":"https:\/\/www.guroo.com.br\/index.php?rest_route=\/wp\/v2\/pages\/668\/revisions\/1552"}],"wp:attachment":[{"href":"https:\/\/www.guroo.com.br\/index.php?rest_route=%2Fwp%2Fv2%2Fmedia&parent=668"}],"curies":[{"name":"wp","href":"https:\/\/api.w.org\/{rel}","templated":true}]}}