{"id":666,"date":"2021-06-22T22:29:46","date_gmt":"2021-06-22T22:29:46","guid":{"rendered":"https:\/\/www.guroo.com.br\/?page_id=666"},"modified":"2025-09-10T18:05:35","modified_gmt":"2025-09-10T18:05:35","slug":"ensino-fundamental-anos-iniciais","status":"publish","type":"page","link":"https:\/\/www.guroo.com.br\/?page_id=666","title":{"rendered":"ENSINO FUNDAMENTAL"},"content":{"rendered":"<p>[vc_row][vc_column][vc_column_text]Um m\u00e9todo interativo onde os conte\u00fados refor\u00e7am a forma\u00e7\u00e3o intelectual e atrav\u00e9s de experi\u00eancias inovadoras.<\/p>\n<p>&nbsp;<\/p>\n<p><b>GUROO ENGLISH SCHOOL<\/b><\/p>\n<p>Aprendizado da l\u00edngua inglesa por imers\u00e3o, de forma natural e consistente, em um ambiente l\u00fadico e envolvente, que forma jovens cidad\u00e3os globais que transformar\u00e3o o mundo.<\/p>\n<p>&nbsp;<\/p>\n<p><b>LOUSA MULTI-TOUCH<\/b><\/p>\n<p>Para aulas mais interativas, nossas salas s\u00e3o equipadas com ferramentas de m\u00eddia que auxiliam o professor na pesquisa e exibi\u00e7\u00e3o de conte\u00fados digitais.<\/p>\n<p>&nbsp;<\/p>\n<p><b>MATERIAL DID\u00c1TICO Sistema de Ensino COC<\/b><\/p>\n<p>Anos Iniciais \u2022 Cole\u00e7\u00e3o de apostilas em remessas bimestrais, acesso ao material digital, agenda e material de ingl\u00eas.<\/p>\n<p>&nbsp;<\/p>\n<p>Anos Finais \u2022 Cole\u00e7\u00e3o de apostilas em remessas bimestrais, acesso ao material digital e material de ingl\u00eas.<\/p>\n<p>&nbsp;<\/p>\n<p><b>LIVRO ELETR\u00d4NICO<\/b><\/p>\n<p>Tenha suas apostilas digitais sempre \u00e0 m\u00e3o para consultas. www.coc.com.br<\/p>\n<p>&nbsp;<\/p>\n<p><b>EDUCA\u00c7\u00c3O SOCIOEMOCIONAL<\/b><\/p>\n<p><span style=\"font-weight: 400;\">Em parceria com a &#8216;Educa, por Rossandro Klinjey&#8217;, que \u00e9 uma solu\u00e7\u00e3o inovadora de desenvolvimento da educa\u00e7\u00e3o socioemocional, fortalecemos em nossos alunos a empatia, autoconsci\u00eancia, autogest\u00e3o, consci\u00eancia social, as habilidades de relacionamento e tomada de decis\u00e3o respons\u00e1vel. <\/span><\/p>\n<p>&nbsp;<\/p>\n<p><b>MONITORIAS<\/b><\/p>\n<p><span style=\"font-weight: 400;\">Aulas no contraturno para complementar os estudos de Matem\u00e1tica \u2013 6\u00ba ao 9\u00ba Ano. <\/span><\/p>\n<p>&nbsp;<\/p>\n<p><b>GUROO ON-LINE<\/b><\/p>\n<p>Acesso aos registros educacionais, como agenda, boletim, hor\u00e1rios de aula, ocorr\u00eancias e financeiro.<\/p>\n<p>&nbsp;<\/p>\n<p><b>PLANT\u00c3O ON-LINE<\/b><\/p>\n<p><span style=\"font-weight: 400;\">Encontro com professores e equipe editorial para sanar d\u00favidas \u2013 6\u00ba Ano at\u00e9 a 3\u00aa S\u00e9rie do Ensino M\u00e9dio. <\/span><\/p>\n<p>&nbsp;<\/p>\n<p><b>PORTAL COC<\/b><\/p>\n<p>Site de acesso exclusivo para alunos, inclui objetos de aprendizagem, livro eletr\u00f4nico, MyClass, COC Infinito e conte\u00fados digitais diversos. www.coc.com.br<\/p>\n<p>&nbsp;<\/p>\n<p><b>GOOGLE APPS FOR EDUCATION<\/b><\/p>\n<p>Escola piloto na implementa\u00e7\u00e3o dos aplicativos Google para Educa\u00e7\u00e3o. Projeto que permite criar, colaborar e compartilhar documentos de maneira interativa e inovadora. Conta de e-mail escolar para cada aluno, Classroom, Meet, Apresenta\u00e7\u00f5es, Planilha etc.[\/vc_column_text][\/vc_column][\/vc_row]<\/p>\n","protected":false},"excerpt":{"rendered":"<p>[vc_row][vc_column][vc_column_text]Um m\u00e9todo interativo onde os conte\u00fados refor\u00e7am a forma\u00e7\u00e3o intelectual e atrav\u00e9s de experi\u00eancias inovadoras. &nbsp; GUROO ENGLISH SCHOOL Aprendizado da l\u00edngua inglesa por imers\u00e3o, de forma natural e consistente, em um ambiente l\u00fadico e envolvente, que forma jovens cidad\u00e3os globais que transformar\u00e3o o mundo. &nbsp; LOUSA MULTI-TOUCH Para aulas mais interativas, nossas salas s\u00e3o [&hellip;]<\/p>\n","protected":false},"author":1,"featured_media":0,"parent":0,"menu_order":0,"comment_status":"closed","ping_status":"closed","template":"","meta":{"footnotes":""},"class_list":["post-666","page","type-page","status-publish","hentry"],"yoast_head":"<!-- This site is optimized with the Yoast SEO plugin v25.6 - https:\/\/yoast.com\/wordpress\/plugins\/seo\/ -->\n<title>ENSINO FUNDAMENTAL - Centro de Ensino Guroo<\/title>\n<meta name=\"robots\" content=\"index, follow, max-snippet:-1, max-image-preview:large, max-video-preview:-1\" \/>\n<link rel=\"canonical\" href=\"https:\/\/www.guroo.com.br\/?page_id=666\" \/>\n<meta property=\"og:locale\" content=\"pt_BR\" \/>\n<meta property=\"og:type\" content=\"article\" \/>\n<meta property=\"og:title\" content=\"ENSINO FUNDAMENTAL - Centro de Ensino Guroo\" \/>\n<meta property=\"og:description\" content=\"[vc_row][vc_column][vc_column_text]Um m\u00e9todo interativo onde os conte\u00fados refor\u00e7am a forma\u00e7\u00e3o intelectual e atrav\u00e9s de experi\u00eancias inovadoras. &nbsp; GUROO ENGLISH SCHOOL Aprendizado da l\u00edngua inglesa por imers\u00e3o, de forma natural e consistente, em um ambiente l\u00fadico e envolvente, que forma jovens cidad\u00e3os globais que transformar\u00e3o o mundo. &nbsp; LOUSA MULTI-TOUCH Para aulas mais interativas, nossas salas s\u00e3o [&hellip;]\" \/>\n<meta property=\"og:url\" content=\"https:\/\/www.guroo.com.br\/?page_id=666\" \/>\n<meta property=\"og:site_name\" content=\"Centro de Ensino Guroo\" \/>\n<meta property=\"article:modified_time\" content=\"2025-09-10T18:05:35+00:00\" \/>\n<meta name=\"twitter:card\" content=\"summary_large_image\" \/>\n<meta name=\"twitter:label1\" content=\"Est. tempo de leitura\" \/>\n\t<meta name=\"twitter:data1\" content=\"2 minutos\" \/>\n<script type=\"application\/ld+json\" class=\"yoast-schema-graph\">{\"@context\":\"https:\/\/schema.org\",\"@graph\":[{\"@type\":\"WebPage\",\"@id\":\"https:\/\/www.guroo.com.br\/?page_id=666\",\"url\":\"https:\/\/www.guroo.com.br\/?page_id=666\",\"name\":\"ENSINO FUNDAMENTAL - Centro de Ensino Guroo\",\"isPartOf\":{\"@id\":\"https:\/\/www.guroo.com.br\/#website\"},\"datePublished\":\"2021-06-22T22:29:46+00:00\",\"dateModified\":\"2025-09-10T18:05:35+00:00\",\"breadcrumb\":{\"@id\":\"https:\/\/www.guroo.com.br\/?page_id=666#breadcrumb\"},\"inLanguage\":\"pt-BR\",\"potentialAction\":[{\"@type\":\"ReadAction\",\"target\":[\"https:\/\/www.guroo.com.br\/?page_id=666\"]}]},{\"@type\":\"BreadcrumbList\",\"@id\":\"https:\/\/www.guroo.com.br\/?page_id=666#breadcrumb\",\"itemListElement\":[{\"@type\":\"ListItem\",\"position\":1,\"name\":\"In\u00edcio\",\"item\":\"https:\/\/www.guroo.com.br\/\"},{\"@type\":\"ListItem\",\"position\":2,\"name\":\"ENSINO FUNDAMENTAL\"}]},{\"@type\":\"WebSite\",\"@id\":\"https:\/\/www.guroo.com.br\/#website\",\"url\":\"https:\/\/www.guroo.com.br\/\",\"name\":\"Centro de Ensino Guroo\",\"description\":\"\",\"potentialAction\":[{\"@type\":\"SearchAction\",\"target\":{\"@type\":\"EntryPoint\",\"urlTemplate\":\"https:\/\/www.guroo.com.br\/?s={search_term_string}\"},\"query-input\":{\"@type\":\"PropertyValueSpecification\",\"valueRequired\":true,\"valueName\":\"search_term_string\"}}],\"inLanguage\":\"pt-BR\"}]}<\/script>\n<!-- \/ Yoast SEO plugin. -->","yoast_head_json":{"title":"ENSINO FUNDAMENTAL - Centro de Ensino Guroo","robots":{"index":"index","follow":"follow","max-snippet":"max-snippet:-1","max-image-preview":"max-image-preview:large","max-video-preview":"max-video-preview:-1"},"canonical":"https:\/\/www.guroo.com.br\/?page_id=666","og_locale":"pt_BR","og_type":"article","og_title":"ENSINO FUNDAMENTAL - Centro de Ensino Guroo","og_description":"[vc_row][vc_column][vc_column_text]Um m\u00e9todo interativo onde os conte\u00fados refor\u00e7am a forma\u00e7\u00e3o intelectual e atrav\u00e9s de experi\u00eancias inovadoras. &nbsp; GUROO ENGLISH SCHOOL Aprendizado da l\u00edngua inglesa por imers\u00e3o, de forma natural e consistente, em um ambiente l\u00fadico e envolvente, que forma jovens cidad\u00e3os globais que transformar\u00e3o o mundo. &nbsp; LOUSA MULTI-TOUCH Para aulas mais interativas, nossas salas s\u00e3o [&hellip;]","og_url":"https:\/\/www.guroo.com.br\/?page_id=666","og_site_name":"Centro de Ensino Guroo","article_modified_time":"2025-09-10T18:05:35+00:00","twitter_card":"summary_large_image","twitter_misc":{"Est. tempo de leitura":"2 minutos"},"schema":{"@context":"https:\/\/schema.org","@graph":[{"@type":"WebPage","@id":"https:\/\/www.guroo.com.br\/?page_id=666","url":"https:\/\/www.guroo.com.br\/?page_id=666","name":"ENSINO FUNDAMENTAL - Centro de Ensino Guroo","isPartOf":{"@id":"https:\/\/www.guroo.com.br\/#website"},"datePublished":"2021-06-22T22:29:46+00:00","dateModified":"2025-09-10T18:05:35+00:00","breadcrumb":{"@id":"https:\/\/www.guroo.com.br\/?page_id=666#breadcrumb"},"inLanguage":"pt-BR","potentialAction":[{"@type":"ReadAction","target":["https:\/\/www.guroo.com.br\/?page_id=666"]}]},{"@type":"BreadcrumbList","@id":"https:\/\/www.guroo.com.br\/?page_id=666#breadcrumb","itemListElement":[{"@type":"ListItem","position":1,"name":"In\u00edcio","item":"https:\/\/www.guroo.com.br\/"},{"@type":"ListItem","position":2,"name":"ENSINO FUNDAMENTAL"}]},{"@type":"WebSite","@id":"https:\/\/www.guroo.com.br\/#website","url":"https:\/\/www.guroo.com.br\/","name":"Centro de Ensino Guroo","description":"","potentialAction":[{"@type":"SearchAction","target":{"@type":"EntryPoint","urlTemplate":"https:\/\/www.guroo.com.br\/?s={search_term_string}"},"query-input":{"@type":"PropertyValueSpecification","valueRequired":true,"valueName":"search_term_string"}}],"inLanguage":"pt-BR"}]}},"_links":{"self":[{"href":"https:\/\/www.guroo.com.br\/index.php?rest_route=\/wp\/v2\/pages\/666","targetHints":{"allow":["GET"]}}],"collection":[{"href":"https:\/\/www.guroo.com.br\/index.php?rest_route=\/wp\/v2\/pages"}],"about":[{"href":"https:\/\/www.guroo.com.br\/index.php?rest_route=\/wp\/v2\/types\/page"}],"author":[{"embeddable":true,"href":"https:\/\/www.guroo.com.br\/index.php?rest_route=\/wp\/v2\/users\/1"}],"replies":[{"embeddable":true,"href":"https:\/\/www.guroo.com.br\/index.php?rest_route=%2Fwp%2Fv2%2Fcomments&post=666"}],"version-history":[{"count":9,"href":"https:\/\/www.guroo.com.br\/index.php?rest_route=\/wp\/v2\/pages\/666\/revisions"}],"predecessor-version":[{"id":1557,"href":"https:\/\/www.guroo.com.br\/index.php?rest_route=\/wp\/v2\/pages\/666\/revisions\/1557"}],"wp:attachment":[{"href":"https:\/\/www.guroo.com.br\/index.php?rest_route=%2Fwp%2Fv2%2Fmedia&parent=666"}],"curies":[{"name":"wp","href":"https:\/\/api.w.org\/{rel}","templated":true}]}}